ed by u(n)?
10
Suppose -5*u + 2*a = -101, 107 = 5*u - 42*a + 43*a. Calculate the remainder when 54 is divided by u.
12
Suppose 0 = 3*d - 1 - 23. Let i(t) = -21 - 10 + t**3 + 13*t**2 - d*t + 12. Calculate the remainder when i(-13) is divided by 22.
19
Let p(f) = 3*f**3 - 14*f**2 + 2*f + 30. What is the remainder when 790 is divided by p(4)?
4
Let u be 248/14 - 2/(-7). Let f(m) = -2*m**3 + 160*m**2 + 149*m + 1135. What is the remainder when f(81) is divided by 1000/36 + 4/u?
26
Let z = 23 - 14. Let j(d) = -2*d**3 + 0 + d**2 + 2 + d - 1 + d**3. What is the remainder when j(-3) is divided by z?
7
Let r(m) = 14*m**2 + 13*m - 9 + 16*m - 32*m + 6*m + 2*m**3. Let b be r(-6). Suppose -2*p = -b - 15. Calculate the remainder when 147 is divided by p.
27
Let f(a) = 475*a + 50351. Let k = 0 + 1. Calculate the remainder when f(-106) is divided by k.
0
Let x(z) = -231*z - 58. Let c(s) = -s**2 + 11*s + 207. Let m be c(21). Calculate the remainder when x(m) is divided by 49.
47
Suppose 4*n - 255 = -5*u, -3*u + 5*n - 3*n + 131 = 0. Suppose -4*q + 461 + u = 0. Suppose 2*t = -3*t + 160. What is the remainder when q is divided by t?
31
Let s be 1*(-5)/(-25)*36*5. Suppose -89 = -5*l + s. What is the remainder when 174 is divided by l?
24
Let x(j) = 262*j + 1. Suppose 2850*f = 2697*f + 5049. Calculate the remainder when x(1) is divided by f.
32
Let f(v) = -v**2 - 15*v + 57. Let r be 1248/(-69) - (-40)/460. What is the remainder when 20 is divided by f(r)?
2
Suppose -3*w + 720 = x, -24*w - 1204 = -29*w - 3*x. Calculate the remainder when w is divided by 81.
77
Let c be ((-18)/(-5))/(14/(-70)). Let z = -3 + c. Let u(f) = -f**3 - 20*f**2 + 20*f + 12. Calculate the remainder when u(z) is divided by 17.
16
Let o be (-3102)/24 + (-1)/(-4). Let x = -92 - o. Let l = 52 + -39. What is the remainder when x is divided by l?
11
Let s(m) = -m**2 - 64*m - 644. Calculate the remainder when 97 is divided by s(-13).
2
Let n(o) = 4*o**2 + 84*o - 430. What is the remainder when 110 is divided by n(5)?
20
Suppose 10*p - 981 = 309. Suppose 4*t - 67 - 109 = 0. What is the remainder when p is divided by t?
41
What is the remainder when 1192 is divided by (-6)/(-12)*6/(-12)*-948?
7
Suppose p = -5*h - 2*p + 145, 3*p + 11 = h. Calculate the remainder when (h + -25)*(559 - 0) is divided by 28.
27
Let r(p) = p**2 - 49*p + 87. What is the remainder when r(54) is divided by 81?
33
Suppose -1517*m = -1503*m - 2884. What is the remainder when 1848 is divided by m?
200
Suppose 7*f + 135 = 16*f. Suppose -5*w + 11*z = f*z - 514, -3*z = 2*w - 207. What is the remainder when w is divided by 13?
11
Let s(g) = g**3 + 2*g + 80. Let y be s(0). Suppose -y - 80 = -5*n. Calculate the remainder when 59 is divided by n.
27
Suppose -3*s = -s. Suppose w + s*w = -38. Let c = w + 106. What is the remainder when c is divided by 23?
22
Let v = 69 + -28. Calculate the remainder when v is divided by (1440/(-320))/(3/30)*2/(-6).
11
Let f = 21096 - 20627. What is the remainder when f is divided by 44?
29
Let i(l) = l**2 + 10768*l - 43052. Let t(f) = 20*f - 1. Calculate the remainder when i(4) is divided by t(1).
17
Suppose l - 10 = 52. What is the remainder when 213 is divided by l?
27
Let k(l) = 150*l - 145. Let g be 58/12 - ((-7)/6 - -1). What is the remainder when k(g) is divided by 32?
29
What is the remainder when 170 is divided by (0 + 1)*1577/83?
18
Suppose 2*u + 3*n = 43, 4*n = 4*u - 13 - 83. Let a = -109 + 198. What is the remainder when a is divided by u?
20
Suppose 1424*y = 1514*y - 165870. Calculate the remainder when y is divided by 132.
127
Let w be (536/28)/(-2) + 4/7. Suppose 27 = 3*v - 30. What is the remainder when ((1332/(-8))/w)/(1/2) is divided by v?
18
Suppose 0 = 6*h + 143 - 47. Let m(l) = l**3 + 18*l**2 + 33*l + 4. Let f be m(h). Let o = -7 - f. Calculate the remainder when o is divided by 3.
2
What is the remainder when 28/8 + ((-196890)/(-4))/15 - -7 is divided by 3?
1
What is the remainder when 735 is divided by ((-3015)/54*(-30)/(-100))/((-1)/4)?
65
Suppose 0 = -34*m - 15*m + 147. Suppose m*s - 539 = -413. Suppose 0 = 2*w + 4*r - 32, 0*r + 2*r - 38 = -2*w. What is the remainder when s is divided by w?
20
Suppose 114*h = 2916 + 162. Calculate the remainder when 751 is divided by h.
22
Let w(q) = -17*q + 5. Let y be w(27). Let c = y - -587. Calculate the remainder when c is divided by 15.
13
Let s = -108 + 83. Suppose -5*m + 79 = -236. Calculate the remainder when m is divided by 159/5 + (-5)/s.
31
Let w(d) = -2*d**3 + 50*d**2 - 76*d - 50. What is the remainder when w(23) is divided by 113?
92
Let h(q) = 8*q**3 - 60*q**2 + 10*q + 9. What is the remainder when h(8) is divided by 133?
79
Suppose 39*c - 52*c = -1833. Let w be (-9 + -1)*1/(-2). Suppose 5*q + x - 111 = -2*x, 2*q = w*x + 63. Calculate the remainder when c is divided by q.
21
Let o(s) = 2*s**3 + 23*s**2 - 20*s - 33. Calculate the remainder when o(12) is divided by 114.
111
Suppose -5*l - 108 - 102 = 0. What is the remainder when 2102/6 + (-28)/l is divided by 44?
43
Let r(d) = 15*d**2 - 5*d - 9. Let y be r(-2). Let s = -60 + y. Calculate the remainder when 19 is divided by s.
0
Suppose -39 = 3*d - 117. What is the remainder when d is divided by (-1*(-2)/(-4))/((-97)/1358)?
5
Let x = -2671 + 2968. Calculate the remainder when x is divided by 150.
147
Suppose 5*a + i = 103, 163*i = a + 158*i - 5. Let t(m) = 16*m**2 - m + 2. Let x be t(3). Let z = 320 - x. Calculate the remainder when z is divided by a.
17
Let k(u) = 6*u**2 + 104*u + 298. Calculate the remainder when 254 is divided by k(-3).
14
Suppose 19*g - 26*g = -40*g + 23133. Calculate the remainder when g is divided by 171.
17
Let t(i) = i. Let j be 1*(-2)/10 - 54/30. Let y be t(j). Let x(q) = -q**3 + q**2 - 3*q - 1. Calculate the remainder when 49 is divided by x(y).
15
Suppose 476*a - 3*x = 481*a - 13, 4*a - 4 = 4*x. What is the remainder when 538 is divided by a?
0
Let y = -1137 + 1161. Suppose -4*u - 462 + 1514 = 0. Calculate the remainder when u is divided by y.
23
Suppose 34 = -12*b + 562. Suppose -2*a + 692 = -0*a. Suppose 3*g - g - a = 0. What is the remainder when g is divided by b?
41
What is the remainder when (19/((-19)/(-420)))/(36/6 + -5) is divided by 23?
6
Suppose 2 = 3*z - 10. Suppose -z*j + 9*j = 110. Calculate the remainder when j is divided by 6.
4
Let z(h) be the third derivative of h**4/24 + 9*h**3/2 + 34*h**2. Suppose 54 = 3*b - 81. Calculate the remainder when b is divided by z(-19).
5
Let n(h) = 3*h**3 - 12*h**2 - 2*h. Let g be n(-4). Let z = g - -423. Calculate the remainder when z is divided by (-81)/(-5) - (-2)/(-10).
15
Let k = -24 + -2. Let g = k + 34. Suppose 100 = -0*i + 4*i - 4*f, 5*i = -3*f + 149. What is the remainder when i is divided by g?
4
Let b(y) = y + 14. Let a(k) be the second derivative of k**5/20 - 13*k**4/12 + 8*k**3/3 - 6*k**2 - 19*k. What is the remainder when a(12) is divided by b(5)?
17
Let x be (2/10)/((-3)/(-30)). Suppose x*o - 8*o = -450. Calculate the remainder when (o/(-9) + -3)*45/(-6) is divided by 43.
42
Suppose 68 = -q + 5*q + 2*o, 3*q - 4*o = 73. What is the remainder when 295 - (-5 + 0 + -1) is divided by q?
16
Let a = 478 + -453. Suppose -292 = -2*l + 5*k, -5*k = -0*l + l - 176. Let j = l - 58. What is the remainder when j is divided by a?
23
Suppose 12*f = 15*f - 6. Suppose -114 + 60 = -f*h. Let i(r) = 9*r**2 + 2. Calculate the remainder when i(-2) is divided by h.
11
Let z(g) be the first derivative of 2*g**2 - 108*g + 34. Calculate the remainder when 70 is divided by z(30).
10
Suppose a + 5 = -4*i - 0*a, 2*a = 5*i - 10. Suppose 3*r + i = -5*u + 1, u = r - 11. Suppose 2*f = 12 + 40. Calculate the remainder when f is divided by r.
5
Suppose -24*j = -2899 - 485. What is the remainder when j is divided by 12?
9
Suppose 250 = 4*d - 6*y + 3*y, -6*d + 426 = 4*y. Calculate the remainder when 171 is divided by d.
37
Calculate the remainder when 124 is divided by 5 + (-2)/(-11) + 714/187.
7
Let w(y) = -4*y**2 - 100*y + 19. Let u be w(-25). Let f(i) = -i**3 + 19*i**2 + 6*i + 23. What is the remainder when f(u) is divided by 46?
45
Suppose 143*g - 31*g = 29008. Calculate the remainder when 3357 is divided by g.
249
What is the remainder when ((-264)/18 - 8/12)/((-38)/57) is divided by 14?
9
What is the remainder when 388/6 + 